{"id":31,"date":"2018-01-11T18:15:44","date_gmt":"2018-01-11T18:15:44","guid":{"rendered":"http:\/\/wordpress.isselburg21.de\/?page_id=31"},"modified":"2018-01-11T21:42:04","modified_gmt":"2018-01-11T21:42:04","slug":"fracking","status":"publish","type":"page","link":"https:\/\/isselburg21.de\/?page_id=31","title":{"rendered":"Fracking"},"content":{"rendered":"<h3>Fracking &#8211; Was ist das?<\/h3>\n<p><b>Die Initiative Gegen-Gasbohren.de schreibt folgendes zum Thema Fracking<\/b>:<br \/>\n\u201cDie Erdgassuche in Deutschland ist mit Risiken f\u00fcr Mensch und Natur verbunden!\u20ac\u00a6<\/p>\n<p>Die\u00a0<a title=\"Kontaminiertes Grund- und\/oder Trinkwasser\" href=\"http:\/\/www.gegen-gasbohren.de\/vorfaelle-risiken-und-diskurs\/kontaminiertes-grund-undoder-trinkwasser\/\">Kontaminierung von Grund- und Trinkwasser<\/a>,\u00a0<a title=\"Gasland \u00c3\u00a2\u00c2\u20ac\u00e2\u20ac\u0153 Der oscanominierte Dokumentarfilm von Josh Fox mit den Bildern von brennenden Wasserh\u00c3\u0192\u00c2\u00a4hnen\" href=\"http:\/\/www.gegen-gasbohren.de\/vorfaelle-risiken-und-diskurs\/gasland-der-oscanominierte-dokumentarfilm-von-josh-fox\/\">brennende Wasserh\u00e4hne<\/a>, Luftverschmutzung, ungekl\u00e4rte Entsorgung von Abf\u00e4llen, Erdbeben und\u00a0 Bergsch\u00e4den sowie eine zunehmende Industrialisierung von Landschaften wird weltweit mit dem Ausbau der Gasf\u00f6rderung in Verbindung gebracht.<\/p>\n<p>Schon heute fallen bei der Gasf\u00f6rderung gro\u00dfe Mengen, mit radioaktiven Isotopen, Schwermetallen und Salzen belasteten Brauchw\u00e4sser, Abw\u00e4sser und Bohrschl\u00e4mme an, die \u00fcber teils weite Strecken transportiert,\u00a0 verarbeitet und entsorgt werden m\u00fcssen.<\/p>\n<p>Ausgel\u00f6st durch die Diskussion um das weltweit umstrittenen, teils verbotene Hydraulic \u201dFracking\u201d Fracturing, steht nun auch die Gasf\u00f6rderung in Deutschland in der Kritik.<\/p>\n<p>Beim Fracking werden Millionen Liter Wasser mit teils hochgiftigen Chemikalien versetzt und unter gro\u00dfem Druck in die gasf\u00fchrenden Schichten gepresst, bis diese aufbrechen.<\/p>\n<p>Hie\u00df es anfangs noch, die Gasf\u00f6rderung in Deutschland liefe seit Jahrzehnten st\u00f6rungsfrei und strenge Gesetze w\u00fcrden uns vor Folgen \u20ac\u201c wie beispielsweise in den USA \u20ac\u201c sch\u00fctzen, werden nun zunehmend Missst\u00e4nde, Unf\u00e4lle und Gesetzesl\u00fccken bekannt. Die fehlende Transparenz, falsche Behauptungen der Industrie und eine ungerechte Gesetzeslage f\u00fchrt\u00a0 mittlerweile dazu, dass kaum noch eine Bohrung nach Gas geplant werden kann, ohne dass sich eine B\u00fcrgerinitiative gr\u00fcndet.<\/p>\n<p>Die\u00a0 Initiativen gegen-gasbohren.de unterst\u00fctzen beim Aufbau neuer\u00a0 Initiativen, stehen f\u00fcr Diskussionen und Vortr\u00e4ge zur Verf\u00fcgung und unterhalten Kontakte zu internationalen Initiativen, Politik, Verb\u00e4nden\u00a0 und nicht zuletzt auch der Industrie.\u201d<\/p>\n<p>Das folgende Bild stellt das Verfahren in vereinfachter Form vor.<\/p>\n<p><img loading=\"lazy\" decoding=\"async\" data-attachment-id=\"14\" data-permalink=\"https:\/\/isselburg21.de\/?attachment_id=14\" data-orig-file=\"https:\/\/i0.wp.com\/isselburg21.de\/wp-content\/uploads\/2016\/11\/fracking-ia.jpg?fit=450%2C275&amp;ssl=1\" data-orig-size=\"450,275\" data-comments-opened=\"1\" data-image-meta=\"{&quot;aperture&quot;:&quot;0&quot;,&quot;credit&quot;:&quot;&quot;,&quot;camera&quot;:&quot;&quot;,&quot;caption&quot;:&quot;&quot;,&quot;created_timestamp&quot;:&quot;0&quot;,&quot;copyright&quot;:&quot;&quot;,&quot;focal_length&quot;:&quot;0&quot;,&quot;iso&quot;:&quot;0&quot;,&quot;shutter_speed&quot;:&quot;0&quot;,&quot;title&quot;:&quot;&quot;,&quot;orientation&quot;:&quot;0&quot;}\" data-image-title=\"Fracking\" data-image-description=\"\" data-image-caption=\"\" data-medium-file=\"https:\/\/i0.wp.com\/isselburg21.de\/wp-content\/uploads\/2016\/11\/fracking-ia.jpg?fit=300%2C183&amp;ssl=1\" data-large-file=\"https:\/\/i0.wp.com\/isselburg21.de\/wp-content\/uploads\/2016\/11\/fracking-ia.jpg?fit=450%2C275&amp;ssl=1\" class=\"alignnone size-full wp-image-14\" src=\"https:\/\/i0.wp.com\/wordpress.isselburg21.de\/wp-content\/uploads\/2016\/11\/fracking-ia.jpg?resize=450%2C275\" alt=\"\" width=\"450\" height=\"275\" srcset=\"https:\/\/i0.wp.com\/isselburg21.de\/wp-content\/uploads\/2016\/11\/fracking-ia.jpg?w=450&amp;ssl=1 450w, https:\/\/i0.wp.com\/isselburg21.de\/wp-content\/uploads\/2016\/11\/fracking-ia.jpg?resize=300%2C183&amp;ssl=1 300w\" sizes=\"(max-width: 450px) 100vw, 450px\" data-recalc-dims=\"1\" \/><\/p>\n<p>Nach aktuellem Informationsstand kann man sagen,\u00a0dass Fracking vorerst kein Thema f\u00fcr Isselburg und Umgebung ist.<br \/>\nAber wir verfolgen sehr genau wie die Konzerne und auch die Politik weiterhin agieren werden.<\/p>\n","protected":false},"excerpt":{"rendered":"<p>Fracking &#8211; Was ist das? Die Initiative Gegen-Gasbohren.de schreibt folgendes zum Thema Fracking: \u201cDie Erdgassuche in Deutschland ist mit Risiken<\/p>\n","protected":false},"author":1,"featured_media":0,"parent":0,"menu_order":0,"comment_status":"closed","ping_status":"closed","template":"","meta":{"advanced_seo_description":"","jetpack_seo_html_title":"","jetpack_seo_noindex":false,"jetpack_post_was_ever_published":false,"footnotes":""},"class_list":["post-31","page","type-page","status-publish","hentry"],"jetpack_sharing_enabled":true,"jetpack_shortlink":"https:\/\/wp.me\/P9yksG-v","jetpack_likes_enabled":true,"jetpack-related-posts":[{"id":32,"url":"https:\/\/isselburg21.de\/?page_id=32","url_meta":{"origin":31,"position":0},"title":"\u00dcber uns","date":"11. Januar 2018","format":false,"excerpt":"Isselburg21 e.V. F\u00fcr ein lebenswertes Isselburg! F\u00fcr eine liebenswerte Region! Die B\u00fcrgerinitiative Isselburg21 e.V. wurde offiziell am 19.04.2012 gegr\u00fcndet. An der Gr\u00fcndungsversammlung in der Gastst\u00e4tte \u201eBr\u00fcggenh\u00fctte\u201c nahmen rund 130 interessierte B\u00fcrgerinnen und B\u00fcrger teil. Isselburg21 ist eine B\u00fcrgerinitiative, die sich aus der Gesellschaft entwickelt hat und deren Mitglieder unterschiedlicher kaum\u2026","rel":"","context":"\u00c4hnlicher Beitrag","img":{"alt_text":"","src":"","width":0,"height":0},"classes":[]},{"id":30,"url":"https:\/\/isselburg21.de\/?page_id=30","url_meta":{"origin":31,"position":1},"title":"Auskiesung","date":"11. Januar 2018","format":false,"excerpt":"Seit unserer Vereinsgr\u00fcndung sprechen wir uns deutlich gegen die Auskiesungsfl\u00e4chen im Stadtgebiet von Isselburg aus. Das Kieswerk in Werth ist seit Jahren in Betrieb und ist immer wieder vergr\u00f6\u00dfert worden. Das Kieswerk Breels wurde 2013 er\u00f6ffnet und aktuell wartet der Betreiber auf die Genehmigung einer Erweiterung. Die B\u00fcrgerinitiative Isselburg21 e.V.\u2026","rel":"","context":"\u00c4hnlicher Beitrag","img":{"alt_text":"","src":"https:\/\/i0.wp.com\/wordpress.isselburg21.de\/wp-content\/uploads\/2018\/01\/Falsch-Richtig.jpg?resize=350%2C200","width":350,"height":200},"classes":[]},{"id":29,"url":"https:\/\/isselburg21.de\/?page_id=29","url_meta":{"origin":31,"position":2},"title":"380 KV","date":"11. Januar 2018","format":false,"excerpt":"Was spricht gegen eine 380 KV Freileitung? Die Unternehmen Amprion und Tennet bauen aktuell eine Stromautobahn \/ 380 KV Freileitung mit rund 55 Meter hohen Masten. Aus der Sicht der beteiligten B\u00fcrger sprachen im Raumordnungs- und Planfeststellungsverfahren viele Gr\u00fcnde gegen die geplante Freileitung. Diese Gr\u00fcnde haben die B\u00fcrger in D\u2026","rel":"","context":"\u00c4hnlicher Beitrag","img":{"alt_text":"","src":"","width":0,"height":0},"classes":[]},{"id":89,"url":"https:\/\/isselburg21.de\/?page_id=89","url_meta":{"origin":31,"position":3},"title":"Impressum","date":"11. Januar 2018","format":false,"excerpt":"Impressum\/Kontakt: B\u00fcrgerinitiative Isselburg21 e.V. Vorsitzender: Reinhold K\u00fchne, Hahnerfeld 9, 46419 Isselburg-Anholt Ansprechpartner f\u00fcr die webseite: Detlev Alstede, Hahnerfeld 1c, 46419 Isselburg-Anholt email: info(at)isselburg21.de www.isselburg21.de Haftung f\u00fcr Inhalte Die Inhalte unserer Seiten wurden mit gr\u00f6\u00dfter Sorgfalt erstellt.\u00a0 F\u00fcr die Richtigkeit, Vollst\u00e4ndigkeit und Aktualit\u00e4t der Inhalte\u00a0 k\u00f6nnen wir jedoch keine Gew\u00e4hr \u00fcbernehmen.\u2026","rel":"","context":"\u00c4hnlicher Beitrag","img":{"alt_text":"","src":"","width":0,"height":0},"classes":[]}],"_links":{"self":[{"href":"https:\/\/isselburg21.de\/index.php?rest_route=\/wp\/v2\/pages\/31"}],"collection":[{"href":"https:\/\/isselburg21.de\/index.php?rest_route=\/wp\/v2\/pages"}],"about":[{"href":"https:\/\/isselburg21.de\/index.php?rest_route=\/wp\/v2\/types\/page"}],"author":[{"embeddable":true,"href":"https:\/\/isselburg21.de\/index.php?rest_route=\/wp\/v2\/users\/1"}],"replies":[{"embeddable":true,"href":"https:\/\/isselburg21.de\/index.php?rest_route=%2Fwp%2Fv2%2Fcomments&post=31"}],"version-history":[{"count":3,"href":"https:\/\/isselburg21.de\/index.php?rest_route=\/wp\/v2\/pages\/31\/revisions"}],"predecessor-version":[{"id":114,"href":"https:\/\/isselburg21.de\/index.php?rest_route=\/wp\/v2\/pages\/31\/revisions\/114"}],"wp:attachment":[{"href":"https:\/\/isselburg21.de\/index.php?rest_route=%2Fwp%2Fv2%2Fmedia&parent=31"}],"curies":[{"name":"wp","href":"https:\/\/api.w.org\/{rel}","templated":true}]}}